. What is the tens digit of p?
8
Suppose 20*b = -30*b - 16*b + 1848198. What is the ten thousands digit of b?
2
Let n = 314 + -209. Let o = n + -36. What is the tens digit of o?
6
Let d(l) = -2*l**2 - 80*l - 27. Let o be d(-40). What is the units digit of -1 + 682/1 - (29 + o)?
9
Suppose 111*x = 112*x. Suppose -3*o + 110 + 124 = x. What is the tens digit of (-11 + o)/((-2)/(-2))?
6
Suppose 0 = -5*i + 2*z + 57711, -5*i + 4*z + 17335 = -40372. What is the thousands digit of i?
1
Suppose -26*t = -29 - 491. Suppose 7*r + t*r = 21438. What is the hundreds digit of r?
7
Suppose 280*j = 356*j - 13945 - 391971. What is the thousands digit of j?
5
Let y be (-9508)/(-16) - (-3)/(-12). Suppose 0 = -4*n - 2*k + y, 3*n - k - 3 = 435. Let o = n + -51. What is the units digit of o?
6
What is the tens digit of (-1968)/(-123) - (-1 - 4980)?
9
Let z = -505 - -507. Suppose -16*d + 11*d = 2*r - 732, -2*r + z*d + 760 = 0. What is the hundreds digit of r?
3
Let g be 2*5/((-30)/171). Let a = g - -56. What is the units digit of 3*a/(3/(-25))?
5
Let q = 2259 - 1234. Suppose -4*t + 4*b + 2947 = -q, 0 = -4*t - 2*b + 3978. What is the tens digit of (-8)/44 + t/22?
4
Suppose 374*y = 366*y + 17768. What is the tens digit of y?
2
Suppose -5*n + 125 + 50 = 0. Let m = -31 + n. Suppose 4*v - 368 = -m*v. What is the tens digit of v?
4
Suppose -3*c - s = -568, s = -21 + 22. Let r = 201 + c. What is the hundreds digit of r?
3
Let a be -4 - ((-27)/36)/(1/12). Suppose 4*t + a*v + 1201 = 6*t, v - 1759 = -3*t. What is the units digit of t?
8
Suppose 0 = 2*g + 3*x + x - 10416, x = -g + 5211. Suppose -g = -15*v + 9*v. What is the tens digit of v?
6
What is the thousands digit of (4/(-7))/((-1380)/(-210)) - (-5338755)/207?
5
Let z(v) = -v + 4. Let d(s) = 1. Let i(m) = -8*d(m) + 3*z(m). Let h be i(0). Suppose 4*j - 26 = -5*q + 15, h*q = 5*j. What is the units digit of j?
4
Let v(d) be the first derivative of -d**2/2 + 55*d - 47. What is the tens digit of v(5)?
5
Suppose 3 = 4*a + 2*t - 3, -5*t - 12 = a. Suppose -1599 = -3*h + 5*n, a = 7*n - 6*n. What is the units digit of h?
8
Let u = -29893 - -45478. What is the ten thousands digit of u?
1
Suppose -i + 2*x + 5 = 0, 21*x + 16 = 2*i + 23*x. Suppose r + 3 = -2*o, -i*r = -11*r + 4*o + 48. What is the units digit of r?
7
Suppose 0 = -7256*g + 7265*g - 14292. What is the tens digit of g?
8
Suppose -53*m = -43*m - 1550. What is the tens digit of (m/(-5))/((-2)/24)?
7
Let w = 29 + -22. Let p(v) = 10*v + 2*v + w*v - 4*v + 4*v**2 - 3. What is the units digit of p(-6)?
1
Let z = 425 - 291. What is the hundreds digit of (z/6 - (11 + -8))*15?
2
Let l = 90024 + -55593. What is the tens digit of l?
3
Let f be ((-20927)/(-34))/(4/24). Suppose -19*q - f = -22*q. What is the units digit of q?
1
Suppose -41 = -11*t + 135. Suppose t = 5*n - 7*n. What is the tens digit of n/(-2) + (160 - 0)?
6
Suppose -3*o + 42 = 4*o. Let q be (-219)/(-21) + o/(-14). Suppose q*t - 8*t = 52. What is the units digit of t?
6
What is the thousands digit of (-5 + -156)*(-29185)/455?
0
Let i = 172 + -159. What is the hundreds digit of 32/(-208) + 8023/i?
6
Let f = 10 + -5. Suppose 5*s = -2*r + 2850 - 920, f*r = 0. What is the tens digit of s?
8
Let l(g) = 1353*g - 10101. What is the ten thousands digit of l(16)?
1
Suppose -2*c + 5*c = -5*p - 4, 2*c = -p + 2. Let a be -3*-6*c/4. What is the tens digit of (-18)/81 - (-767)/a?
8
Let f(v) = -17*v**2 - 1. Let q be f(-1). Let z = 39 + q. Suppose 23*h - 132 = z*h. What is the units digit of h?
6
Let j = -11787 + 20643. What is the thousands digit of j?
8
Suppose 76*g = -45*g + 21*g + 1924600. What is the hundreds digit of g?
2
Let j(g) = 93*g + 633. Let m be j(-7). Let k = -269 + 161. Let v = m - k. What is the tens digit of v?
9
Suppose -71*j + 49*j = -154. Suppose j*h = 3*h + 3728. What is the hundreds digit of h?
9
Suppose 70*p - 64*p - 162 = 0. What is the hundreds digit of (-186)/(-9)*p/2?
2
Suppose -5*g + 5*i - 5 = 0, -6*i = -3*g - 5*i - 1. Suppose g = z + 4*a - 1027, 6*z - 3*a - 5135 = z. Suppose 7*h - z - 380 = 0. What is the tens digit of h?
0
Suppose 19*l - 1066 = 6*l. Let g = l + -77. What is the units digit of (-1982)/(-16) + g/40?
4
Let w = 18976 - 7528. What is the thousands digit of w?
1
Let m(n) = n**3 + n**2 - 2*n - 4. Let g be m(2). Let p be 0 + 2368/4 + g. Suppose -5*a + p = -124. What is the units digit of a?
4
Let a(l) = -3*l - 20*l**3 + 2 + 55*l**3 - 21*l**3 - 12*l**3. Let j be a(2). What is the units digit of 9/j - (-1239)/12?
4
Suppose 21*q - 512 = 17*q. Suppose -q - 16 = -2*t. Let o = -56 + t. What is the units digit of o?
6
Suppose l - 271 = -271, 3*o - 112497 = -3*l. What is the tens digit of o?
9
Suppose 0 = -27*q + 6750 + 783. What is the units digit of q?
9
Let w = 291771 + -196127. What is the ten thousands digit of w?
9
What is the hundreds digit of (1230/40)/((-15)/(-1180))?
4
Let t = 74 - 66. Let g be (-6 + t)*7/2. Suppose h = -3*w + 202, g*h + 5*w - 401 = 5*h. What is the units digit of h?
3
Suppose -362*v + 375*v + 5161 = 0. Let a = v - -1125. What is the units digit of a?
8
Let x = -21370 - -31605. What is the ten thousands digit of x?
1
What is the tens digit of (5 + 697/(-136))*-214904?
6
Let f = 1886 - 928. Let j = f - 67. What is the tens digit of j?
9
Let s(q) = -q + 23. Let z be s(16). Let k be 50/(-35)*z/(-2). Suppose 1265 = 5*m - k*x + 45, x = -5*m + 1238. What is the tens digit of m?
4
Let m(q) = 28*q**3 - 28*q**2 - 8*q + 2. Let h be m(4). Suppose 2*i - 3*j - 611 = h, i + 3*j = 976. What is the hundreds digit of i?
9
Suppose 68*m - 75*m + 35 = 0. Let q(b) = 178*b + 129. What is the tens digit of q(m)?
1
What is the ten thousands digit of ((-4)/((-84)/35) - 63338/(-6)) + 5?
1
Suppose r = 2, r + 12 = 5*h - 3*r. Suppose 0 = 5*w - 3*c - 190, -c = -4*w - h*c + 125. What is the units digit of (15/3 - 4)*w?
5
Let k(x) be the third derivative of x**5/6 + 7*x**4/12 - 13*x**3/3 + x**2 - 6. What is the tens digit of k(7)?
6
Let g be (-739284)/(-924) + 2/(-22). What is the units digit of (1100/165)/(g/(-402) - -2)?
0
Let l(p) be the third derivative of -5*p**4/24 - 5*p**3/6 + 326*p**2. What is the units digit of l(-41)?
0
Let b(u) = u**2 - 8*u - 14. Let h be b(6). Let k = h + 28. Suppose -4*o = -3*g - 4 - 6, 10 = g + k*o. What is the units digit of g?
2
Suppose 77*r - 42153 + 10429 = 0. Let l = 1563 - 936. Let x = l - r. What is the tens digit of x?
1
Let d(n) = n**3 - 41*n**2 - 26*n + 272. What is the thousands digit of d(48)?
5
Suppose 90*l - 228117 = 287223. What is the hundreds digit of l?
7
What is the tens digit of 4/(-10) - (-3737160)/900?
5
Suppose q + 0*y + y - 2068 = 0, -5*y = -q + 2092. What is the hundreds digit of q?
0
Let i(t) = 114*t**2 - 4*t - 11. Let l = 6 + -12. Let d(u) = -114*u**2 + 3*u + 10. Let w(k) = l*i(k) - 7*d(k). What is the tens digit of w(1)?
1
Suppose 2*b - 2*c - 13364 = 3146, 4*c - 8280 = -b. What is the thousands digit of b?
8
What is the hundreds digit of 6 - ((-432)/162)/(-3 - 82653/(-27549))?
2
Suppose 3*i - i - 12 = 0. Let v be 2859/15 - 27/45. Suppose -h - v = -i*h. What is the tens digit of h?
3
Let x(c) = 2*c + 2. Let r(m) = 46*m - 917. Let h(y) = -r(y) + 6*x(y). What is the tens digit of h(0)?
2
Let b(g) = g**2. Let j(x) = x**3 + 12*x**2 - 14*x + 8. Let z(w) = 2*b(w) + j(w). Let u be z(-15). Let m = 130 + u. What is the hundreds digit of m?
1
Suppose -13*o = -51 - 1. Suppose d + v + 21 = 6*v, -32 = -3*d - o*v. Suppose -t = -3*c - 45, 4*c - 263 = -t - d*t. What is the units digit of t?
1
Let g be 1*4 - (1 + 6 + -9). Let n(c) = 34 + c + 10*c - 18*c + g*c. What is the units digit of n(5)?
9
Suppose -30 = 5*g, 2*g = 4*t - 42926 - 13646. What is the hundreds digit of t?
1
Let k = -36 - -114. What is the tens digit of (4 + -2 + -90)*k/(-12)?
7
Suppose 15*k = -58 - 47. What is the units digit of ((-7)/(-21))/(k/(-5145))?
5
Suppose 0 = -3*w - 4*c + 322, 27*c = -2*w + 24*c + 213. Suppose b + 29 = k, 6*k = -2*b + 3*k - 63. Let s = b + w. What is the tens digit of s?
8
What is the ten thousands digit of (-328320)/(-21) + (-20)/70?
1
Let x = -265 - -268. Suppose -x*y - 1251 = -2*b, y + 1914 = 3*b + 4*y. What is the units digit of b?
3
Let r be 46*1*(-10)/(-20). Let d = 108 - 131. Let n = r - d. What is the tens digit of n?
4
Let m = 1745 + -5165. What is the hundreds dig